hat is the greatest common divisor of z and n?
3
Let b(t) = -4*t - 2 - 3*t**3 - 439*t**2 + 436*t**2 + 2*t. Let n be b(-4). What is the highest common divisor of n and 30?
30
Let q = 58 + -61. Let d be 2*(q - -2) + 4. Calculate the highest common divisor of 2 and d.
2
Let u(w) = 3*w**2 + 8*w - 6. Let c be u(1). What is the highest common factor of c and 65?
5
Let v = -206 - -453. Suppose 738*s + 156 = 750*s. What is the greatest common factor of s and v?
13
Let r(f) = 89*f + 227. Let b be r(7). What is the greatest common divisor of b and 34?
34
Let g(r) = -r**3 - 2*r**2 + r - 4. Let b be g(-3). Let v be 31 + 9 + 360/(-15). Calculate the greatest common factor of v and b.
2
Suppose j - 5*b = 6*j - 15, 0 = -3*j - 5*b + 9. Suppose j*f = -2*c - 2*f + 186, 0 = -c - 2*f + 92. Calculate the greatest common factor of 11 and c.
11
Let c = 302 + -278. Calculate the highest common factor of c and 72.
24
Let p be 6/((-242)/33 + 8). Calculate the highest common factor of p and 1863.
9
Let w(k) be the third derivative of -k**6/120 - 3*k**5/20 + 3*k**4/8 - k**3/6 - 4*k**2. Let l be w(-10). Calculate the greatest common divisor of l and 99.
9
Let i(l) = 1 + 6 + 2 - 17*l + 15*l. Let o be i(-3). What is the greatest common divisor of o and 105?
15
Let v be (2/4*146)/(-1). Let r = 83 + v. Let b be 5/(2 - 129/66). What is the greatest common divisor of b and r?
10
Let d = -142 + 233. Calculate the highest common divisor of 4277 and d.
91
Let z be (-2)/(1 + 1)*-28. Let b(g) = 735*g + 16. Let t be b(-6). Let i be (-1)/4 - t/104. Calculate the greatest common divisor of z and i.
14
Suppose 259 = 3*k + 28. Suppose 0 = 4*w + 4*w - 176. Calculate the highest common divisor of w and k.
11
Let d be 383 - 5 - 5/5. What is the highest common divisor of 52 and d?
13
Let f = -79 + 137. Let z = f - 50. Calculate the greatest common factor of z and 52.
4
Suppose 109 = 7*z - 185. Let i = -17 + z. Let d(m) = -m + 275. Let f be d(0). Calculate the highest common divisor of i and f.
25
Let m = 755 - 749. What is the highest common divisor of m and 39?
3
Let o be (12 - 1)*(1 + -3)*(-3 + 2). Suppose 0 = -0*x - x + 11. Calculate the highest common factor of o and x.
11
Let l = -123 + 28. Let v = l - -135. Suppose 0 = 4*h - 8*h + v. What is the highest common factor of 15 and h?
5
Suppose -3*j - 4*u + 12 = 0, 0 = -5*j + 4*u + 4 - 16. Suppose j*v + 6 = 3*v. Calculate the highest common divisor of 18 and v.
2
Suppose 26*p - 5*p - 1491 = 0. What is the highest common divisor of p and 710?
71
Suppose -3*l + 11 = 4*a, -13 + 6 = -4*a + l. Let o be 22/a + 15/(-5). Suppose -2*f + 207 - 31 = 0. Calculate the greatest common divisor of o and f.
8
Let i be 10/(-4)*16/(-1). Let j = i + -22. Suppose r = -s + 16, 0 = -2*r - 0*r - 4*s + 28. What is the greatest common factor of j and r?
18
Let g = 142 - 79. Let b = 33 - 5. Suppose c = 0, -b = -4*x - 4*c + c. Calculate the greatest common divisor of x and g.
7
Let z(l) = -8*l - 6. Let q be z(-33). Calculate the greatest common divisor of q and 24.
6
Suppose -7*k = -2*k - 10, 0 = 2*f - k - 230. What is the greatest common divisor of f and 87?
29
Let d = -744 - -1016. What is the highest common divisor of d and 48?
16
Let k(p) = -2*p - 7. Let g be k(-5). Let f = -200 - -320. Suppose -g*v + f = v. Calculate the greatest common divisor of v and 15.
15
Let d = 347 + -232. Calculate the highest common divisor of d and 23.
23
Let t be 9 + 15 + (-2)/2. Let s = t - -115. Suppose -x = 5*x - s. What is the highest common factor of 23 and x?
23
Suppose 35 = -4*p + 4*f + 195, -4*f = -2*p + 88. Let i = p - 19. Let s be 118 - (0 + 1 - 2). What is the greatest common divisor of i and s?
17
Let y = -9 - -15. Let o be (14/y)/((-12)/(-144)). Suppose -4 = -2*k, -6*v + 2*v + o = -4*k. What is the greatest common divisor of 81 and v?
9
Let k(y) be the third derivative of y**4/24 + 41*y**3/6 - 6*y**2. Let p be k(-15). What is the highest common factor of p and 104?
26
Suppose -3*m - 2*l + 0*l = -2439, 3*m - 2*l = 2451. Calculate the highest common factor of 5 and m.
5
Let m be 186*((-3)/(-6))/1. Let s(g) = -2*g**3 - 2*g**2 + 3*g + 4. Let r be s(-3). Calculate the highest common factor of m and r.
31
Suppose -5*l + 78 = -2*z, -z = 4*l - 8*l + 36. Let b be (-8)/(5 - (-228)/z). What is the highest common factor of b and 110?
22
Let w = -15226 - -15233. Suppose -4*c = 4*v - 5*c - 107, 92 = 4*v - 4*c. Calculate the highest common divisor of v and w.
7
Suppose -4*z + 4*n + 96 = 0, -7*z + 2*z + 75 = 4*n. Suppose -81 = -3*w + 375. What is the greatest common factor of z and w?
19
Let l(x) = -11*x - 125. Let n be l(-13). Let y = 7 + -1. Calculate the highest common factor of n and y.
6
Suppose -17 = -4*s + 15. Suppose -s = a - 1. Let g = a - -14. Calculate the greatest common divisor of 14 and g.
7
Suppose -12*x = -229 + 85. What is the highest common divisor of 5 and x?
1
Let v = -131 - -58. Let f = -49 - v. Calculate the greatest common factor of 36 and f.
12
Let z be 76*(-4 - (-301)/28). What is the highest common divisor of 38 and z?
19
Let g(a) = -a**2 + 14*a - 27. Let i be g(8). Suppose -i = -3*q + 24. Calculate the greatest common divisor of q and 15.
15
Suppose 0 - 112 = -4*n. Suppose w - n = 20. What is the greatest common factor of w and 120?
24
Let m = -232 + 425. Suppose 77 = 5*v - m. Calculate the greatest common factor of 36 and v.
18
Let d = 264 - 164. Calculate the highest common factor of d and 40.
20
Suppose 3*c - 241 - 1412 = 0. Let d = c - 200. What is the greatest common divisor of d and 39?
39
Let a be ((-38)/6 + -1)/((-66)/99). Let p be (1/2)/(2/572). Calculate the greatest common factor of a and p.
11
Let v(l) = -8*l + 49. Let r be v(4). Let f = -72 + 140. What is the greatest common divisor of f and r?
17
Let z(l) = l**2 + 2*l. Let x be z(1). Let g be 1771/33 - (-4)/x. What is the highest common divisor of g and 22?
11
Let q be -3 + (-12)/(-21) + 1802/7. What is the greatest common divisor of 15 and q?
15
Let m = 1960 + -1750. What is the highest common factor of m and 126?
42
Let b be (-16)/(2/8 - (-170)/(-520)). Calculate the greatest common factor of b and 16.
16
Suppose 0 = -12*b - 761 + 2321. Calculate the greatest common factor of b and 52.
26
Let z = -38 - -48. Suppose z*o = 7*o + 12. Suppose -30 + 78 = 3*s. Calculate the greatest common factor of o and s.
4
Suppose l + 3*x = -0*l + 249, -767 = -3*l + x. What is the highest common divisor of l and 15?
15
Suppose -2*j - 29*j + 4960 = 0. Calculate the highest common divisor of j and 620.
20
Suppose 0*c + 5*c + 20 = 0, -2*w + 4*c + 940 = 0. Let y = w + -294. What is the highest common divisor of y and 21?
21
Let y = 117 - 62. Suppose o = 6*o - 10. Suppose -6*w = -2*w + 8, w = -o*s + 8. Calculate the highest common factor of s and y.
5
Let y(m) = -9*m + 57. Let n be y(6). What is the greatest common divisor of n and 993?
3
Suppose 8*y - 188 = 7*y + 4*v, 0 = -2*v - 6. Calculate the highest common divisor of y and 55.
11
Suppose 3*k - m + 177 = 7*k, 4*m = -5*k + 213. What is the greatest common divisor of k and 90?
45
Suppose -3*i = -0 - 3. Let m be i/(-6) + (-247)/(-78). Calculate the greatest common divisor of 15 and m.
3
Suppose -q = 6*q - 42. Suppose q*r = 1490 + 508. What is the highest common divisor of r and 37?
37
Let p(v) = -v**3 - 3*v + 3. Let i be p(-5). Let f(g) = -14*g + 69. Let b be f(4). What is the highest common divisor of i and b?
13
Let d = -228 - -282. What is the highest common factor of 81 and d?
27
Suppose -14*h + 2805 = 19*h. Calculate the greatest common factor of h and 68.
17
Suppose 0 = 3*n - 0*n - 39. Let d be 10*(-3)/(-18)*3. Suppose -x - 63 = -d*o, -4*o + 44 = -0*x - 4*x. Calculate the highest common divisor of o and n.
13
Suppose 12*d + 381 - 1893 = 0. What is the greatest common factor of 28 and d?
14
Let v(d) = d**3 - 20*d**2 + 34*d - 13. Let x be v(19). What is the highest common factor of 4 and x?
4
Suppose -j - 2*m - 260 = -5*j, -4*j + 3*m = -264. What is the greatest common factor of 21 and j?
21
Let r(m) = -6*m**2 - m - 1. Let o be r(-1). Let g be 204/(-15) + o/15. Let p = -10 - g. Calculate the highest common divisor of p and 12.
4
Let o be (-1 + -5)/(15/(-35)). Suppose o = b + 6. Calculate the highest common divisor of 24 and b.
8
Let u be ((-6)/8)/(6/(-16)). Su